 + b, 3*y = 4*i + 11. Determine k(i).
8
Let k(s) be the second derivative of s**5/20 + s**4/6 - 5*s**3/6 - s**2 + 11*s. Give k(-3).
4
Suppose -s - 7 = -4*t + 20, 3*t - 24 = 2*s. Let a(y) = 4*y - 4. Let l(b) = -5*b + 5. Let x(q) = t*a(q) + 5*l(q). Determine x(2).
-1
Let j(g) = 4*g**3 - 4*g**2 + 2*g - 9. Let a(w) = w**3 + w**2 - 1. Let p(l) = 3*a(l) - j(l). Give p(7).
-8
Let o(l) = l**2 - 6*l + 7. Let t be o(5). Let v(u) = u**t + 4 + u + 3*u + 2*u. Suppose -3*y - 22 = 2*y - f, -5*y - 12 = 4*f. Give v(y).
-4
Let d(t) be the third derivative of -t**5/60 - 3*t**4/8 + 28*t**2. What is d(-8)?
8
Let a(q) = -q**3 + 6*q**2 - 9*q - 7. Let n(r) = -r**3 + r**2 - r. Let k(d) = a(d) - 2*n(d). Let s = 4 + -2. Suppose 0 = -b - s - 3. Calculate k(b).
3
Suppose 7*m - 8 = -15. Let j(x) = x + 1. Determine j(m).
0
Let t(k) = 2*k**2. Let w(h) = -h**3 - 5*h**2 + 2. Let b be w(-5). Let i be (((-6)/b)/3)/1. Give t(i).
2
Let l(t) be the second derivative of -t**4/12 - 5*t**3/6 - 7*t**2/2 - 7*t. Determine l(-6).
-13
Let o(b) = 3*b**3 + 5*b**2 - 13*b + 13. Let t(w) = -2*w**3 - 2*w**2 + 7*w - 7. Let c(f) = -3*o(f) - 5*t(f). Calculate c(4).
-4
Let g(b) = b**2 - 5*b - 4. Let h be g(6). Let d(p) = 2*p**3 - 2*p**2 - 2. Determine d(h).
6
Suppose -3*k = 4*j + j + 2, 5*k + 16 = -2*j. Let g(c) = -3 + 0*c**j - c**2 + 7. Let a be g(-3). Let m(x) = x**3 + 4*x**2 - 4*x - 2. Calculate m(a).
-7
Suppose 4*a + 12 = -2*d, 3*d - a + 3*a - 2 = 0. Suppose d + 4 = 4*q. Let z be (1 - 5)*2/q. Let c(b) = b**3 + 3*b**2 - 7*b - 5. Determine c(z).
7
Let p(t) = 2*t**2 - 13*t - 5. Let s(w) = 3*w**2 - 19*w - 7. Let x(k) = -7*p(k) + 5*s(k). Let l = -46 - -49. What is x(l)?
-3
Let z(i) = -7*i**3 - i. Let x(l) = l**3 - 4*l**2 + 1. Let r be x(4). What is z(r)?
-8
Let j(d) be the third derivative of d**4/12 + d**3/3 + 5*d**2. Give j(-4).
-6
Let b be 4 + (1 - 0/4). Let u(m) be the first derivative of -m**3/3 + 5*m**2/2 + 2. Calculate u(b).
0
Let c(k) = -4*k + 7. Suppose j - 42 = -3*j - 2*a, 5*j = a + 49. Let r be (j/(-4))/(2/(-4)). Give c(r).
-13
Let j = -52 + 209/4. Let p(l) be the third derivative of 0*l - 1/2*l**3 - 2*l**2 + 1/120*l**6 - j*l**4 + 1/20*l**5 + 0. Give p(-4).
5
Let t(k) = -8*k**2 - 35*k - 41. Let c(x) = -3*x**2 - 12*x - 14. Let v(b) = -11*c(b) + 4*t(b). What is v(9)?
-1
Let x(k) = k**2 - 4*k - 4. Let w be x(5). Let i = 1 + w. Let f be (50/(-4))/(-5)*i. Let t(d) = d**3 - 5*d**2 - d + 7. Calculate t(f).
2
Let f(n) = -n - 1. Let u be f(4). Suppose c - 6 = o, -c + 3 + 2 = 0. Let h = o - u. Let l(p) = p**2 - 4*p + 1. Give l(h).
1
Suppose 17 = -c - 3*r, -5*r - 56 + 21 = 5*c. Let f = c + 5. Let x(l) = -3*l - l**f + 6 + 2*l + l. Determine x(0).
6
Let w be ((-9)/5)/(1/(-5)). Let m = -6 + w. Let c(d) = d**3 - 4*d**2 + d - 4. What is c(m)?
-10
Let i = 5 - 0. Let r be (1/(-2))/((-2)/12). Let y(q) = q**2 + 2 + 2*q + r*q**2 + 3*q - 5*q**2. Give y(i).
2
Let t(b) = 2*b - 2. Suppose -2*w + a + 5 = -0, 11 = -w + 5*a. What is t(w)?
6
Let z(m) = 3*m**3 - m**2 - 2*m - 1. Let k(a) = -3*a + 7. Let p(g) = 2*g - 3. Let j(s) = 4*k(s) + 7*p(s). Let v be j(-4). Determine z(v).
-3
Let q(f) be the third derivative of f**6/120 + f**5/12 + f**3/6 - 9*f**2. Calculate q(-5).
1
Let r(t) = 8 + 6 - 6 + 2*t. Let y be r(-6). Let b(o) = o**3 + 4*o**2 - o - 5. Give b(y).
-1
Let n(k) = -11*k**2 - 15*k - 9. Let r(t) = 5*t**2 + 7*t + 4. Let j = 15 - 6. Let o(f) = j*r(f) + 4*n(f). Give o(-2).
-2
Let r(o) = -o**3 - o**2 - 5*o + 7. Let w(j) = -2*j**3 - 4*j + 8. Let v(b) = 3*r(b) - 2*w(b). Suppose -5*p = -9 - 11. What is v(p)?
-7
Let d = -37 + 33. Let u(r) be the first derivative of r**2/2 + 3*r - 1. Determine u(d).
-1
Let b(s) = s**3 - 4*s**2 + 4*s - 3. Let c be (-9)/(-12)*-2*-2. Let m = 1 - 1. Suppose -c*y + 1 + 8 = m. What is b(y)?
0
Let k(c) be the first derivative of -c**3/3 - 7*c**2/2 - 9*c + 12. Determine k(-6).
-3
Let f(o) = -o - 1. Let b be f(3). Let x(v) = -2*v**2 + 11*v**2 - 3*v**2 - 6*v + v**3 - 3*v**2 - 4. Give x(b).
4
Let o be -2*-3*(-2)/4. Let y = -4 - -6. Let f(m) = m**y - 4*m**2 + 1 + 2*m**2 - 3*m. What is f(o)?
1
Let v(u) = 17*u**2 + 0*u - 13 - 2*u - 23*u. Let z(x) = 4*x**2 - 6*x - 3. Let s(k) = -2*v(k) + 9*z(k). Let a(f) be the first derivative of s(f). Give a(3).
8
Let m(d) be the third derivative of 5*d**2 - 1/24*d**4 + 0 - 1/2*d**3 + 0*d. Calculate m(6).
-9
Let q(d) = -20*d**2 + 8*d - 11. Let k(p) = -24*p**2 + 5*p + 7*p**2 + 9*p**2 - 5*p**2 - 7. Let f(g) = -8*k(g) + 5*q(g). Give f(-1).
5
Let c(n) = n**2 - 3*n + 9. Let q(j) = 2*j**2 - j**2 - 3*j - j + 8. Let y(f) = -2*c(f) + 3*q(f). What is y(4)?
-2
Let c(b) be the first derivative of b**3/3 + 3*b**2/2 + 4*b - 3. Let l(u) = 4*u**2 + 8*u + 13. Let v(s) = -7*c(s) + 2*l(s). What is v(5)?
-2
Let c(g) = -g**3 + 5*g**2 - 2*g + 1. Suppose -3*b + 0*b = 5*r - 20, b = 0. Give c(r).
9
Let w(p) = p**2 - 6*p + 4. Suppose -4*z = z. Let h = 3 + z. Give w(h).
-5
Let a(y) be the third derivative of -y**4/8 + 7*y**3/6 + 7*y**2 - 2. Calculate a(5).
-8
Let f(d) = -6*d**2 + 1. Let z be 0 + -2 + 0 + 3. Give f(z).
-5
Let c(u) = u**2 + u - 4. Let j be 12/(4 - (-116)/(-32)). Let p = 29 - j. Calculate c(p).
2
Let i(b) = -2*b + 1. Let a(h) = 9*h - 6. Let r(d) = 5*a(d) + 24*i(d). Give r(-4).
6
Let q(c) be the second derivative of c**3/3 - 5*c**2/2 + 10*c. Calculate q(5).
5
Let b(i) = 4. Let d(u) = u + 9. Let s(l) = 5*b(l) - 2*d(l). Give s(3).
-4
Let u be (-7)/(-7)*(-16)/(-1). Let y = 12 - u. Let x(v) = -v**3 - 4*v**2 - 2. Give x(y).
-2
Let k(m) be the third derivative of -m**5/60 - m**4/6 + m**3/3 - 3*m**2. Give k(-4).
2
Suppose -4*t - 16 = 0, -5*v - 5*t + 2*t = 12. Let k(l) = -5*l**2 - 2*l - 27. Let o(i) = -3*i**2 - i - 14. Let x(s) = -4*k(s) + 7*o(s). Give x(v).
10
Let t(x) = -10*x + 1. Let c(m) = -3*m. Let b(p) = 7*c(p) - 2*t(p). Let s be 112/(-12) - 2/(-6). Let o be (6/s)/(2/6). Calculate b(o).
0
Let i(u) be the second derivative of -u**4/12 + 5*u**3/6 - 5*u**2/2 + 3*u. What is i(4)?
-1
Let c(a) = -2 + 5*a + a + 2*a**2 - a**3 - 3*a - 5*a. Determine c(2).
-6
Let s be (2/(-3) - (-8)/48)*-3. Let f(j) be the first derivative of 3 - j + s*j**2. Determine f(1).
2
Suppose 0 = 9*f - 15*f - 30. Let j(u) be the first derivative of u**3/3 + 3*u**2 + 4*u + 1. What is j(f)?
-1
Let g be (2 - 1/1)*-2. Let z(b) = -90*b + 273*b - 91*b - 89*b + 1. Calculate z(g).
-5
Let a(u) = -7*u**2 - u + 1. Suppose -2*n - 3*n + 20 = 0. Suppose 4*o + 9 = 4*b - 3, 8 = n*b - 2*o. Give a(b).
-7
Let m be (-1)/((-4)/5 + 2/2). Let t(q) = -q**3 - 7*q**2 - 8*q - 6. Determine t(m).
-16
Suppose k = -2*a - 6, 4 = -2*a - 2*k - 0*k. Let o(v) = -v**2 - 4*v - 1. Let b be o(a). Let f(y) = 4*y - 1. What is f(b)?
-5
Let q be 2/4 + 14/4. Suppose -2*u = -2 + q. Let b(o) be the second derivative of -o**5/20 + o**4/12 - o**2/2 - 2*o. What is b(u)?
1
Let z = -27 - -24. Let h(o) be the third derivative of 1/3*o**3 - 1/24*o**4 + o**2 + 0 + 0*o. Determine h(z).
5
Let a(p) = -3*p**3 + 13*p**2 + 12*p - 1. Let h(g) = -5*g**3 + 25*g**2 + 23*g - 2. Let t(m) = -7*a(m) + 4*h(m). Suppose -2*j + 8 = 24. What is t(j)?
-1
Let a(s) = s**3 - 8*s**2 + 9*s - 9. Let b be a(7). Let f(t) = -t**3 + 7*t**2 - 8*t + 3. Give f(b).
13
Let t(d) = -2*d - 4. Let q(x) = 4*x + 9. Let u(l) = 2*q(l) + 5*t(l). What is u(4)?
-10
Let x(u) = -u**3 - 6*u**2 + 8*u + 10. Suppose n + 3*k + 1 = 0, -2*n = -4*n - k + 8. Suppose -3*a = -n*j + 36, 0 = 4*a - 2*j + 32 + 2. Determine x(a).
3
Let q(g) be the third derivative of g**4/24 + 7*g**3/6 + g**2. Let h(m) = -9*m**2 + 9*m**2 - m**3 - 1 - m + 4*m. Let v be h(2). Determine q(v).
4
Let q(r) be the first derivative of -r**2/2 - 15*r + 41. Give q(-8).
-7
Let f = -20 + 22. Suppose 0 = -2*x + 2*v + 14, 0 = -5*x + f*v + 2*v + 32. Let g(t) = t**3 - 6*t**2 + 4*t. Calculate g(x).
-16
Suppose -7*w - 4*i - 8 = -3*w, 0 = w + 3*i - 8. Let h = w - -8. Let f(q) = 5*q**3 - q**2 + 2*q - 1. What is f(h)?
5
Let y = -29 + 42. Let b(x) = -x**3 - 10*x**2 + 12. Let q(c) = 2*c**3 + 21*c**2 + c - 25. Let f(u) = y*b(u) + 6*q(u). Let s be (-26)/6 + (-4)/6. Give f(s).
1
Let w(u) = 2*u**2 - 7*u - 4. Let p(y) = -2*y**2 + 8*y + 4. Let z(q) = 4*p(q) + 5*w(q). Give z(3).
5
Let m(u) = -u**2 + 7*u - 5. Suppose -x = -3*y + 25, -2*x + 0*x = -10. Suppose 0 = -2*w - 0*w + y. What is m(w)?
5
Let j(x) = 0*x**2 - 5*x**2 + 4*x**2 - 7*x + 2*x**2 - 5. Determine j(7).
-5
Let z(m) =